{"id":9398,"date":"2024-10-11T13:22:27","date_gmt":"2024-10-11T13:22:27","guid":{"rendered":"https:\/?post_type=product&#038;p=9398"},"modified":"2026-01-20T07:33:56","modified_gmt":"2026-01-20T07:33:56","slug":"pulsera-espana-tela-con-cierre-metalico","status":"publish","type":"product","link":"https:\/\/topofclimb.es\/en\/product\/pulsera-espana-tela-con-cierre-metalico\/","title":{"rendered":"PULSERA ESPA\u00d1A TELA CON CIERRE METALICO"},"content":{"rendered":"<p>Pulsera negra con la bandera de Espa\u00f1a y cierre met\u00e1lico.<\/p>","protected":false},"excerpt":{"rendered":"<p>Pulsera negra con la bandera de Espa\u00f1a y cierre met\u00e1lico.<\/p>","protected":false},"featured_media":9399,"template":"","meta":[],"product_brand":[],"product_cat":[310,116],"product_tag":[],"class_list":{"0":"post-9398","1":"product","2":"type-product","3":"status-publish","4":"has-post-thumbnail","6":"product_cat-guardia-civil","7":"product_cat-pulseras","9":"first","10":"instock","11":"taxable","12":"shipping-taxable","13":"purchasable","14":"product-type-simple"},"_links":{"self":[{"href":"https:\/\/topofclimb.es\/en\/wp-json\/wp\/v2\/product\/9398","targetHints":{"allow":["GET"]}}],"collection":[{"href":"https:\/\/topofclimb.es\/en\/wp-json\/wp\/v2\/product"}],"about":[{"href":"https:\/\/topofclimb.es\/en\/wp-json\/wp\/v2\/types\/product"}],"wp:featuredmedia":[{"embeddable":true,"href":"https:\/\/topofclimb.es\/en\/wp-json\/wp\/v2\/media\/9399"}],"wp:attachment":[{"href":"https:\/\/topofclimb.es\/en\/wp-json\/wp\/v2\/media?parent=9398"}],"wp:term":[{"taxonomy":"product_brand","embeddable":true,"href":"https:\/\/topofclimb.es\/en\/wp-json\/wp\/v2\/product_brand?post=9398"},{"taxonomy":"product_cat","embeddable":true,"href":"https:\/\/topofclimb.es\/en\/wp-json\/wp\/v2\/product_cat?post=9398"},{"taxonomy":"product_tag","embeddable":true,"href":"https:\/\/topofclimb.es\/en\/wp-json\/wp\/v2\/product_tag?post=9398"}],"curies":[{"name":"wp","href":"https:\/\/api.w.org\/{rel}","templated":true}]}}

PULSERA ESPAÑA TELA CON CIERRE METALICO

<p>Pulsera negra con la bandera de España y cierre metálico.</p>
