{"id":9384,"date":"2024-10-11T12:57:52","date_gmt":"2024-10-11T12:57:52","guid":{"rendered":"https:\/?post_type=product&#038;p=9384"},"modified":"2026-01-07T15:34:30","modified_gmt":"2026-01-07T15:34:30","slug":"iman-frigo-guardia-civil","status":"publish","type":"product","link":"https:\/\/topofclimb.es\/en\/product\/iman-frigo-guardia-civil\/","title":{"rendered":"IMAN FRIGO GUARDIA CIVIL"},"content":{"rendered":"<h4>Establecida en 1844, la Guardia Civil es una fuerza de seguridad integral en Espa\u00f1a, incluyendo tareas policiales y militares, desempe\u00f1ando un papel esencial en la seguridad ciudadana y la defensa del orden p\u00fablico.<\/h4>","protected":false},"excerpt":{"rendered":"<div class=\"row\">\n<div class=\"col-xs-12 col-md-12 col-lg-6 col-xl-6 tvproduct-content\">\n<div class=\"product-information\">\n<div class=\"tabs col-lg-12 col-sm-12 tvcmsproduct-tabs\">\n<div id=\"tab-content\" class=\"tab-content\">\n<div id=\"description\" class=\"tab-pane fade in active\" role=\"tabpanel\">\n<div class=\"product-description\">\n<h5>Im\u00e1n redondo, de 5cm de di\u00e1metro, en acabado acristalado redondo.<\/h5>\n<\/div>\n<\/div>\n<\/div>\n<\/div>\n<\/div>\n<\/div>\n<\/div>","protected":false},"featured_media":9385,"template":"","meta":[],"product_brand":[],"product_cat":[71,310],"product_tag":[],"class_list":{"0":"post-9384","1":"product","2":"type-product","3":"status-publish","4":"has-post-thumbnail","6":"product_cat-accesorios","7":"product_cat-guardia-civil","9":"first","10":"instock","11":"taxable","12":"shipping-taxable","13":"purchasable","14":"product-type-simple"},"_links":{"self":[{"href":"https:\/\/topofclimb.es\/en\/wp-json\/wp\/v2\/product\/9384","targetHints":{"allow":["GET"]}}],"collection":[{"href":"https:\/\/topofclimb.es\/en\/wp-json\/wp\/v2\/product"}],"about":[{"href":"https:\/\/topofclimb.es\/en\/wp-json\/wp\/v2\/types\/product"}],"wp:featuredmedia":[{"embeddable":true,"href":"https:\/\/topofclimb.es\/en\/wp-json\/wp\/v2\/media\/9385"}],"wp:attachment":[{"href":"https:\/\/topofclimb.es\/en\/wp-json\/wp\/v2\/media?parent=9384"}],"wp:term":[{"taxonomy":"product_brand","embeddable":true,"href":"https:\/\/topofclimb.es\/en\/wp-json\/wp\/v2\/product_brand?post=9384"},{"taxonomy":"product_cat","embeddable":true,"href":"https:\/\/topofclimb.es\/en\/wp-json\/wp\/v2\/product_cat?post=9384"},{"taxonomy":"product_tag","embeddable":true,"href":"https:\/\/topofclimb.es\/en\/wp-json\/wp\/v2\/product_tag?post=9384"}],"curies":[{"name":"wp","href":"https:\/\/api.w.org\/{rel}","templated":true}]}}

<h4>Establecida en 1844, la Guardia Civil es una fuerza de seguridad integral en España, incluyendo tareas policiales y militares, desempeñando un papel esencial en la seguridad ciudadana y la defensa del orden público.</h4>

<div class="row">
<div class="col-xs-12 col-md-12 col-lg-6 col-xl-6 tvproduct-content">
<div class="product-information">
<div class="tabs col-lg-12 col-sm-12 tvcmsproduct-tabs">
<div id="tab-content" class="tab-content">
<div id="description" class="tab-pane fade in active" role="tabpanel">
<div class="product-description">
<h5>Imán redondo, de 5cm de diámetro, en acabado acristalado redondo.</h5>
</div>
</div>
</div>
</div>
</div>
</div>
</div>
