{"id":17902,"date":"2026-02-03T10:20:55","date_gmt":"2026-02-03T10:20:55","guid":{"rendered":"https:\/\/topofclimb.es\/?post_type=product&#038;p=17902"},"modified":"2026-02-03T10:20:56","modified_gmt":"2026-02-03T10:20:56","slug":"mochila-infantil-paracaidas","status":"publish","type":"product","link":"https:\/\/topofclimb.es\/en\/product\/mochila-infantil-paracaidas\/","title":{"rendered":"Mochila infantil Paraca\u00eddas"},"content":{"rendered":"<p>Kids Para backpack<\/p>\n<p>\u00a1Esta divertida y ligera mochila para ni\u00f1os es perfecta para los peque\u00f1os exploradores en movimiento!<br \/>\nFabricada 100 % en poli\u00e9ster, f\u00e1cil de limpiar.<br \/>\nCon un amplio compartimento principal, hay mucho espacio para juguetes, aperitivos, libros o tesoros recogidos por el camino.<br \/>\nLas correas ajustables para los hombros garantizan que la mochila se ajuste c\u00f3modamente, para que los ni\u00f1os puedan llevarla con facilidad.<\/p>\n<p>\u00a1Una mochila colorida y pr\u00e1ctica, dise\u00f1ada para la diversi\u00f3n, el movimiento y las aventuras cotidianas!<\/p>\n<p>Caracter\u00edsticas:<\/p>\n<p>Cierre de paraca\u00eddas real como decoraci\u00f3n.<br \/>\nC\u00f3modas correas ajustables para llevarla.<br \/>\nVarios materiales para la mochila.<br \/>\nDimensiones: 37 x 27 x 8 cm.<\/p>","protected":false},"excerpt":{"rendered":"<p>Kids Para backpack \u00a1Esta divertida y ligera mochila para ni\u00f1os es perfecta para los peque\u00f1os exploradores en movimiento! Fabricada 100 % en poli\u00e9ster, f\u00e1cil de limpiar. Con un amplio compartimento principal, hay mucho espacio para juguetes, aperitivos, libros o tesoros recogidos por el camino. Las correas ajustables para los hombros garantizan que la mochila se [&#8230;]\n","protected":false},"featured_media":17903,"template":"","meta":[],"product_brand":[],"product_cat":[315],"product_tag":[334,327],"class_list":{"0":"post-17902","1":"product","2":"type-product","3":"status-publish","4":"has-post-thumbnail","6":"product_cat-mochilas","7":"product_tag-infantil","8":"product_tag-mochila","10":"first","11":"instock","12":"taxable","13":"shipping-taxable","14":"purchasable","15":"product-type-simple"},"_links":{"self":[{"href":"https:\/\/topofclimb.es\/en\/wp-json\/wp\/v2\/product\/17902","targetHints":{"allow":["GET"]}}],"collection":[{"href":"https:\/\/topofclimb.es\/en\/wp-json\/wp\/v2\/product"}],"about":[{"href":"https:\/\/topofclimb.es\/en\/wp-json\/wp\/v2\/types\/product"}],"wp:featuredmedia":[{"embeddable":true,"href":"https:\/\/topofclimb.es\/en\/wp-json\/wp\/v2\/media\/17903"}],"wp:attachment":[{"href":"https:\/\/topofclimb.es\/en\/wp-json\/wp\/v2\/media?parent=17902"}],"wp:term":[{"taxonomy":"product_brand","embeddable":true,"href":"https:\/\/topofclimb.es\/en\/wp-json\/wp\/v2\/product_brand?post=17902"},{"taxonomy":"product_cat","embeddable":true,"href":"https:\/\/topofclimb.es\/en\/wp-json\/wp\/v2\/product_cat?post=17902"},{"taxonomy":"product_tag","embeddable":true,"href":"https:\/\/topofclimb.es\/en\/wp-json\/wp\/v2\/product_tag?post=17902"}],"curies":[{"name":"wp","href":"https:\/\/api.w.org\/{rel}","templated":true}]}}

Mochila infantil Paracaídas

<p>Kids Para backpack</p>
<p>¡Esta divertida y ligera mochila para niños es perfecta para los pequeños exploradores en movimiento!<br />
Fabricada 100 % en poliéster, fácil de limpiar.<br />
Con un amplio compartimento principal, hay mucho espacio para juguetes, aperitivos, libros o tesoros recogidos por el camino.<br />
Las correas ajustables para los hombros garantizan que la mochila se ajuste cómodamente, para que los niños puedan llevarla con facilidad.</p>
<p>¡Una mochila colorida y práctica, diseñada para la diversión, el movimiento y las aventuras cotidianas!</p>
<p>Características:</p>
<p>Cierre de paracaídas real como decoración.<br />
Cómodas correas ajustables para llevarla.<br />
Varios materiales para la mochila.<br />
Dimensiones: 37 x 27 x 8 cm.</p>

<p>Kids Para backpack ¡Esta divertida y ligera mochila para niños es perfecta para los pequeños exploradores en movimiento! Fabricada 100 % en poliéster, fácil de limpiar. Con un amplio compartimento principal, hay mucho espacio para juguetes, aperitivos, libros o tesoros recogidos por el camino. Las correas ajustables para los hombros garantizan que la mochila se [&#8230;]
