{"id":17048,"date":"2025-02-07T07:52:49","date_gmt":"2025-02-07T07:52:49","guid":{"rendered":"https:\/?post_type=product&#038;p=17048"},"modified":"2026-02-16T14:19:38","modified_gmt":"2026-02-16T14:19:38","slug":"cuatro-vientos-cuna-de-la-aviacion-militar-espanola-desde-los-albores-hasta-el-18-de-julio-de-1936","status":"publish","type":"product","link":"https:\/\/topofclimb.es\/en\/product\/cuatro-vientos-cuna-de-la-aviacion-militar-espanola-desde-los-albores-hasta-el-18-de-julio-de-1936\/","title":{"rendered":"Cuatro Vientos Cuna De La Aviaci\u00f3n Militar Espa\u00f1ola: Desde Los Albores Hasta El 18 De Julio De 1936"},"content":{"rendered":"<p>En este libro, cr\u00f3nica de hechos acaecidos en Cuatro Vientos \u2013primer aer\u00f3dromo que tuvo la Aviaci\u00f3n Militar espa\u00f1ola\u2013, el lector encontrar\u00e1 los sucesos y detalles que le conformaron y dieron renombre, desde sus albores hasta el 18 de julio de 1936. El autor, D. Adolfo Rold\u00e1n Vill\u00e9n \u2013coronel de aviaci\u00f3n del Ej\u00e9rcito del Aire y acad\u00e9mico de la Real Academia de Historia\u2013, nos presenta los hitos hist\u00f3ricos m\u00e1s significativos que tuvieron lugar en este entorno: el nacimiento de la industria aeron\u00e1utica; el bautismo de aire del rey Alfonso XIII; su servicio durante la Guerra de Marruecos o los primeros modelos del autogiro de Juan de la Cierva, entre otros muchos m\u00e1s.<\/p>","protected":false},"excerpt":{"rendered":"<p>En este libro, cr\u00f3nica de hechos acaecidos en Cuatro Vientos \u2013primer aer\u00f3dromo que tuvo la Aviaci\u00f3n Militar espa\u00f1ola\u2013, el lector encontrar\u00e1 los sucesos y detalles que le conformaron y dieron renombre, desde sus albores hasta el 18 de julio de 1936. El autor, D. Adolfo Rold\u00e1n Vill\u00e9n \u2013coronel de aviaci\u00f3n del Ej\u00e9rcito del Aire y [&#8230;]\n","protected":false},"featured_media":17049,"template":"","meta":[],"product_brand":[],"product_cat":[301,128],"product_tag":[],"class_list":{"0":"post-17048","1":"product","2":"type-product","3":"status-publish","4":"has-post-thumbnail","6":"product_cat-aviacion","7":"product_cat-libros","9":"first","10":"instock","11":"taxable","12":"shipping-taxable","13":"purchasable","14":"product-type-simple"},"_links":{"self":[{"href":"https:\/\/topofclimb.es\/en\/wp-json\/wp\/v2\/product\/17048","targetHints":{"allow":["GET"]}}],"collection":[{"href":"https:\/\/topofclimb.es\/en\/wp-json\/wp\/v2\/product"}],"about":[{"href":"https:\/\/topofclimb.es\/en\/wp-json\/wp\/v2\/types\/product"}],"wp:featuredmedia":[{"embeddable":true,"href":"https:\/\/topofclimb.es\/en\/wp-json\/wp\/v2\/media\/17049"}],"wp:attachment":[{"href":"https:\/\/topofclimb.es\/en\/wp-json\/wp\/v2\/media?parent=17048"}],"wp:term":[{"taxonomy":"product_brand","embeddable":true,"href":"https:\/\/topofclimb.es\/en\/wp-json\/wp\/v2\/product_brand?post=17048"},{"taxonomy":"product_cat","embeddable":true,"href":"https:\/\/topofclimb.es\/en\/wp-json\/wp\/v2\/product_cat?post=17048"},{"taxonomy":"product_tag","embeddable":true,"href":"https:\/\/topofclimb.es\/en\/wp-json\/wp\/v2\/product_tag?post=17048"}],"curies":[{"name":"wp","href":"https:\/\/api.w.org\/{rel}","templated":true}]}}

Cuatro Vientos Cuna De La Aviación Militar Española: Desde Los Albores Hasta El 18 De Julio De 1936

<p>En este libro, crónica de hechos acaecidos en Cuatro Vientos –primer aeródromo que tuvo la Aviación Militar española–, el lector encontrará los sucesos y detalles que le conformaron y dieron renombre, desde sus albores hasta el 18 de julio de 1936. El autor, D. Adolfo Roldán Villén –coronel de aviación del Ejército del Aire y académico de la Real Academia de Historia–, nos presenta los hitos históricos más significativos que tuvieron lugar en este entorno: el nacimiento de la industria aeronáutica; el bautismo de aire del rey Alfonso XIII; su servicio durante la Guerra de Marruecos o los primeros modelos del autogiro de Juan de la Cierva, entre otros muchos más.</p>

<p>En este libro, crónica de hechos acaecidos en Cuatro Vientos –primer aeródromo que tuvo la Aviación Militar española–, el lector encontrará los sucesos y detalles que le conformaron y dieron renombre, desde sus albores hasta el 18 de julio de 1936. El autor, D. Adolfo Roldán Villén –coronel de aviación del Ejército del Aire y [&#8230;]
